{"id":2635,"date":"2024-11-10T19:35:49","date_gmt":"2024-11-10T17:35:49","guid":{"rendered":"https:\/\/megadisplay.no\/?post_type=product&#038;p=2635"},"modified":"2024-11-10T19:37:03","modified_gmt":"2024-11-10T17:37:03","slug":"alu-stativ-pop-up-telt-3x3","status":"publish","type":"product","link":"https:\/\/megadisplay.no\/?product=alu-stativ-pop-up-telt-3x3","title":{"rendered":"ALU. STATIV | POP-UP TELT 3X3"},"content":{"rendered":"<p><strong>GALDH\u00d8PIGGEN<\/strong> &#8211; teltene har en sv\u00e6rt lett konstruksjon, men er ogs\u00e5 sv\u00e6rt holdbare og stabile.<br \/>\nTakket v\u00e6re den sammenleggbare konstruksjonen kan de enkelt transporteres og flyttes.<br \/>\nVi har tre st\u00f8rrelser av disse stativene tilgjengelig i butikken v\u00e5r.<br \/>\nEt viktig aspekt ved dette produktet er profilen som stativene er laget av. Det er en sekskantet profil som er vesentlig mer holdbar enn en rektangul\u00e6r.<br \/>\nStativet leveres i en trillebag, noe som gj\u00f8r transporten mye enklere.<\/p>\n<p><strong>Settet inkluderer:<\/strong> Sammenleggbar teltstativ, monterings utstyr (4 plugger, 4 tau p\u00e5 3,3 m lengde), trillebag.<\/p>\n<p>Alle priser er oppgitt eks. mva. og frakt.<\/p>\n","protected":false},"excerpt":{"rendered":"<p><strong>GALDH\u00d8PIGGEN<\/strong> &#8211; telt stativet har en sv\u00e6rt lett konstruksjon, men er ogs\u00e5 sv\u00e6rt holdbare og stabile.<br \/>\nProfil HEX 40 med godstykkelse p\u00e5 1,2 mm<br \/>\nTakket v\u00e6re den sammenleggbare konstruksjonen kan de enkelt transporteres og flyttes.<br \/>\nVi har tre st\u00f8rrelser av disse rammene tilgjengelig i butikken v\u00e5r.<br \/>\nEt viktig aspekt ved dette produktet er profilen som rammen er laget av. Det er en sekskantet profil som er vesentlig mer holdbar enn en rektangul\u00e6r.<br \/>\nTeltet leveres i en trillebag, noe som gj\u00f8r transporten mye enklere.<\/p>\n<p><strong>VED ST\u00d8RRE ANTALL, BE OM TILBUD.<\/strong><\/p>\n","protected":false},"featured_media":2627,"template":"","meta":[],"product_brand":[],"product_cat":[558,763,764],"product_tag":[584,766],"class_list":{"0":"post-2635","1":"product","2":"type-product","3":"status-publish","4":"has-post-thumbnail","6":"product_cat-messetelt","7":"product_cat-pop-up-telt","8":"product_cat-pop-up-telt-stativ","9":"product_tag-messetelt","10":"product_tag-pop-up-stativ","12":"first","13":"instock","14":"taxable","15":"shipping-taxable","16":"purchasable","17":"product-type-simple"},"yoast_head":"<!-- This site is optimized with the Yoast SEO Premium plugin v22.9 (Yoast SEO v25.9) - https:\/\/yoast.com\/wordpress\/plugins\/seo\/ -->\n<title>ALU. STATIV | POP-UP TELT 3X3 | Kun kr. 3.950,- | Mega Display - Oslo<\/title>\n<meta name=\"description\" content=\"Solid alu. stativ til pop-up messet elt. Kj\u00f8p til \u00f8nsket tilbeh\u00f8r. Sp\u00f8rsm\u00e5l, ring oss +47 90 51 98 59\" \/>\n<meta name=\"robots\" content=\"index, follow, max-snippet:-1, max-image-preview:large, max-video-preview:-1\" \/>\n<link rel=\"canonical\" href=\"https:\/\/megadisplay.no\/?product=alu-stativ-pop-up-telt-3x3\" \/>\n<meta property=\"og:locale\" content=\"nb_NO\" \/>\n<meta property=\"og:type\" content=\"article\" \/>\n<meta property=\"og:title\" content=\"ALU. STATIV | POP-UP TELT 3X3\" \/>\n<meta property=\"og:description\" content=\"Solid alu. stativ til pop-up messet elt. Kj\u00f8p til \u00f8nsket tilbeh\u00f8r. Sp\u00f8rsm\u00e5l, ring oss +47 90 51 98 59\" \/>\n<meta property=\"og:url\" content=\"https:\/\/megadisplay.no\/?product=alu-stativ-pop-up-telt-3x3\" \/>\n<meta property=\"og:site_name\" content=\"Mega Display - Norge\" \/>\n<meta property=\"article:modified_time\" content=\"2024-11-10T17:37:03+00:00\" \/>\n<meta property=\"og:image\" content=\"https:\/\/megadisplay.no\/wp-content\/uploads\/2024\/11\/foto_add-1571_800x800.jpg\" \/>\n\t<meta property=\"og:image:width\" content=\"800\" \/>\n\t<meta property=\"og:image:height\" content=\"800\" \/>\n\t<meta property=\"og:image:type\" content=\"image\/jpeg\" \/>\n<meta name=\"twitter:card\" content=\"summary_large_image\" \/>\n<meta name=\"twitter:label1\" content=\"Ansl. lesetid\" \/>\n\t<meta name=\"twitter:data1\" content=\"1 minutt\" \/>\n<script type=\"application\/ld+json\" class=\"yoast-schema-graph\">{\"@context\":\"https:\/\/schema.org\",\"@graph\":[{\"@type\":\"WebPage\",\"@id\":\"https:\/\/megadisplay.no\/?product=alu-stativ-pop-up-telt-3x3\",\"url\":\"https:\/\/megadisplay.no\/?product=alu-stativ-pop-up-telt-3x3\",\"name\":\"ALU. STATIV | POP-UP TELT 3X3 | Kun kr. 3.950,- | Mega Display - Oslo\",\"isPartOf\":{\"@id\":\"https:\/\/megadisplay.no\/#website\"},\"primaryImageOfPage\":{\"@id\":\"https:\/\/megadisplay.no\/?product=alu-stativ-pop-up-telt-3x3#primaryimage\"},\"image\":{\"@id\":\"https:\/\/megadisplay.no\/?product=alu-stativ-pop-up-telt-3x3#primaryimage\"},\"thumbnailUrl\":\"https:\/\/megadisplay.no\/wp-content\/uploads\/2024\/11\/foto_add-1571_800x800.jpg\",\"datePublished\":\"2024-11-10T17:35:49+00:00\",\"dateModified\":\"2024-11-10T17:37:03+00:00\",\"description\":\"Solid alu. stativ til pop-up messet elt. Kj\u00f8p til \u00f8nsket tilbeh\u00f8r. Sp\u00f8rsm\u00e5l, ring oss +47 90 51 98 59\",\"breadcrumb\":{\"@id\":\"https:\/\/megadisplay.no\/?product=alu-stativ-pop-up-telt-3x3#breadcrumb\"},\"inLanguage\":\"nb-NO\",\"potentialAction\":[{\"@type\":\"ReadAction\",\"target\":[\"https:\/\/megadisplay.no\/?product=alu-stativ-pop-up-telt-3x3\"]}]},{\"@type\":\"ImageObject\",\"inLanguage\":\"nb-NO\",\"@id\":\"https:\/\/megadisplay.no\/?product=alu-stativ-pop-up-telt-3x3#primaryimage\",\"url\":\"https:\/\/megadisplay.no\/wp-content\/uploads\/2024\/11\/foto_add-1571_800x800.jpg\",\"contentUrl\":\"https:\/\/megadisplay.no\/wp-content\/uploads\/2024\/11\/foto_add-1571_800x800.jpg\",\"width\":800,\"height\":800},{\"@type\":\"BreadcrumbList\",\"@id\":\"https:\/\/megadisplay.no\/?product=alu-stativ-pop-up-telt-3x3#breadcrumb\",\"itemListElement\":[{\"@type\":\"ListItem\",\"position\":1,\"name\":\"Hjem\",\"item\":\"https:\/\/megadisplay.no\/\"},{\"@type\":\"ListItem\",\"position\":2,\"name\":\"Butikk\",\"item\":\"https:\/\/megadisplay.no\/?page_id=5\"},{\"@type\":\"ListItem\",\"position\":3,\"name\":\"ALU. STATIV | POP-UP TELT 3X3\"}]},{\"@type\":\"WebSite\",\"@id\":\"https:\/\/megadisplay.no\/#website\",\"url\":\"https:\/\/megadisplay.no\/\",\"name\":\"Mega Display - Norge\",\"description\":\"Det \u00f8konomiske alternative!\",\"publisher\":{\"@id\":\"https:\/\/megadisplay.no\/#organization\"},\"potentialAction\":[{\"@type\":\"SearchAction\",\"target\":{\"@type\":\"EntryPoint\",\"urlTemplate\":\"https:\/\/megadisplay.no\/?s={search_term_string}\"},\"query-input\":{\"@type\":\"PropertyValueSpecification\",\"valueRequired\":true,\"valueName\":\"search_term_string\"}}],\"inLanguage\":\"nb-NO\"},{\"@type\":\"Organization\",\"@id\":\"https:\/\/megadisplay.no\/#organization\",\"name\":\"Smarte Kampanjer AS\",\"url\":\"https:\/\/megadisplay.no\/\",\"logo\":{\"@type\":\"ImageObject\",\"inLanguage\":\"nb-NO\",\"@id\":\"https:\/\/megadisplay.no\/#\/schema\/logo\/image\/\",\"url\":\"https:\/\/megadisplay.no\/wp-content\/uploads\/2024\/07\/cropped-MD-LOGO-e1720871174926.png\",\"contentUrl\":\"https:\/\/megadisplay.no\/wp-content\/uploads\/2024\/07\/cropped-MD-LOGO-e1720871174926.png\",\"width\":114,\"height\":80,\"caption\":\"Smarte Kampanjer AS\"},\"image\":{\"@id\":\"https:\/\/megadisplay.no\/#\/schema\/logo\/image\/\"}}]}<\/script>\n<!-- \/ Yoast SEO Premium plugin. -->","yoast_head_json":{"title":"ALU. STATIV | POP-UP TELT 3X3 | Kun kr. 3.950,- | Mega Display - Oslo","description":"Solid alu. stativ til pop-up messet elt. Kj\u00f8p til \u00f8nsket tilbeh\u00f8r. Sp\u00f8rsm\u00e5l, ring oss +47 90 51 98 59","robots":{"index":"index","follow":"follow","max-snippet":"max-snippet:-1","max-image-preview":"max-image-preview:large","max-video-preview":"max-video-preview:-1"},"canonical":"https:\/\/megadisplay.no\/?product=alu-stativ-pop-up-telt-3x3","og_locale":"nb_NO","og_type":"article","og_title":"ALU. STATIV | POP-UP TELT 3X3","og_description":"Solid alu. stativ til pop-up messet elt. Kj\u00f8p til \u00f8nsket tilbeh\u00f8r. Sp\u00f8rsm\u00e5l, ring oss +47 90 51 98 59","og_url":"https:\/\/megadisplay.no\/?product=alu-stativ-pop-up-telt-3x3","og_site_name":"Mega Display - Norge","article_modified_time":"2024-11-10T17:37:03+00:00","og_image":[{"width":800,"height":800,"url":"https:\/\/megadisplay.no\/wp-content\/uploads\/2024\/11\/foto_add-1571_800x800.jpg","type":"image\/jpeg"}],"twitter_card":"summary_large_image","twitter_misc":{"Ansl. lesetid":"1 minutt"},"schema":{"@context":"https:\/\/schema.org","@graph":[{"@type":"WebPage","@id":"https:\/\/megadisplay.no\/?product=alu-stativ-pop-up-telt-3x3","url":"https:\/\/megadisplay.no\/?product=alu-stativ-pop-up-telt-3x3","name":"ALU. STATIV | POP-UP TELT 3X3 | Kun kr. 3.950,- | Mega Display - Oslo","isPartOf":{"@id":"https:\/\/megadisplay.no\/#website"},"primaryImageOfPage":{"@id":"https:\/\/megadisplay.no\/?product=alu-stativ-pop-up-telt-3x3#primaryimage"},"image":{"@id":"https:\/\/megadisplay.no\/?product=alu-stativ-pop-up-telt-3x3#primaryimage"},"thumbnailUrl":"https:\/\/megadisplay.no\/wp-content\/uploads\/2024\/11\/foto_add-1571_800x800.jpg","datePublished":"2024-11-10T17:35:49+00:00","dateModified":"2024-11-10T17:37:03+00:00","description":"Solid alu. stativ til pop-up messet elt. Kj\u00f8p til \u00f8nsket tilbeh\u00f8r. Sp\u00f8rsm\u00e5l, ring oss +47 90 51 98 59","breadcrumb":{"@id":"https:\/\/megadisplay.no\/?product=alu-stativ-pop-up-telt-3x3#breadcrumb"},"inLanguage":"nb-NO","potentialAction":[{"@type":"ReadAction","target":["https:\/\/megadisplay.no\/?product=alu-stativ-pop-up-telt-3x3"]}]},{"@type":"ImageObject","inLanguage":"nb-NO","@id":"https:\/\/megadisplay.no\/?product=alu-stativ-pop-up-telt-3x3#primaryimage","url":"https:\/\/megadisplay.no\/wp-content\/uploads\/2024\/11\/foto_add-1571_800x800.jpg","contentUrl":"https:\/\/megadisplay.no\/wp-content\/uploads\/2024\/11\/foto_add-1571_800x800.jpg","width":800,"height":800},{"@type":"BreadcrumbList","@id":"https:\/\/megadisplay.no\/?product=alu-stativ-pop-up-telt-3x3#breadcrumb","itemListElement":[{"@type":"ListItem","position":1,"name":"Hjem","item":"https:\/\/megadisplay.no\/"},{"@type":"ListItem","position":2,"name":"Butikk","item":"https:\/\/megadisplay.no\/?page_id=5"},{"@type":"ListItem","position":3,"name":"ALU. STATIV | POP-UP TELT 3X3"}]},{"@type":"WebSite","@id":"https:\/\/megadisplay.no\/#website","url":"https:\/\/megadisplay.no\/","name":"Mega Display - Norge","description":"Det \u00f8konomiske alternative!","publisher":{"@id":"https:\/\/megadisplay.no\/#organization"},"potentialAction":[{"@type":"SearchAction","target":{"@type":"EntryPoint","urlTemplate":"https:\/\/megadisplay.no\/?s={search_term_string}"},"query-input":{"@type":"PropertyValueSpecification","valueRequired":true,"valueName":"search_term_string"}}],"inLanguage":"nb-NO"},{"@type":"Organization","@id":"https:\/\/megadisplay.no\/#organization","name":"Smarte Kampanjer AS","url":"https:\/\/megadisplay.no\/","logo":{"@type":"ImageObject","inLanguage":"nb-NO","@id":"https:\/\/megadisplay.no\/#\/schema\/logo\/image\/","url":"https:\/\/megadisplay.no\/wp-content\/uploads\/2024\/07\/cropped-MD-LOGO-e1720871174926.png","contentUrl":"https:\/\/megadisplay.no\/wp-content\/uploads\/2024\/07\/cropped-MD-LOGO-e1720871174926.png","width":114,"height":80,"caption":"Smarte Kampanjer AS"},"image":{"@id":"https:\/\/megadisplay.no\/#\/schema\/logo\/image\/"}}]}},"jetpack_sharing_enabled":true,"_links":{"self":[{"href":"https:\/\/megadisplay.no\/index.php?rest_route=\/wp\/v2\/product\/2635","targetHints":{"allow":["GET"]}}],"collection":[{"href":"https:\/\/megadisplay.no\/index.php?rest_route=\/wp\/v2\/product"}],"about":[{"href":"https:\/\/megadisplay.no\/index.php?rest_route=\/wp\/v2\/types\/product"}],"wp:featuredmedia":[{"embeddable":true,"href":"https:\/\/megadisplay.no\/index.php?rest_route=\/wp\/v2\/media\/2627"}],"wp:attachment":[{"href":"https:\/\/megadisplay.no\/index.php?rest_route=%2Fwp%2Fv2%2Fmedia&parent=2635"}],"wp:term":[{"taxonomy":"product_brand","embeddable":true,"href":"https:\/\/megadisplay.no\/index.php?rest_route=%2Fwp%2Fv2%2Fproduct_brand&post=2635"},{"taxonomy":"product_cat","embeddable":true,"href":"https:\/\/megadisplay.no\/index.php?rest_route=%2Fwp%2Fv2%2Fproduct_cat&post=2635"},{"taxonomy":"product_tag","embeddable":true,"href":"https:\/\/megadisplay.no\/index.php?rest_route=%2Fwp%2Fv2%2Fproduct_tag&post=2635"}],"curies":[{"name":"wp","href":"https:\/\/api.w.org\/{rel}","templated":true}]}}